{"id":93,"date":"2024-05-27T13:05:23","date_gmt":"2024-05-27T13:05:23","guid":{"rendered":"https:\/\/diem-konstruktionen.ch\/?page_id=93"},"modified":"2024-10-07T14:05:15","modified_gmt":"2024-10-07T12:05:15","slug":"impressum","status":"publish","type":"page","link":"https:\/\/diem-konstruktionen.ch\/?page_id=93","title":{"rendered":"Impressum"},"content":{"rendered":"<p><span style=\"font-family: arial, helvetica, sans-serif;\">Inhaltlich Verantwortlicher (Text):<\/span><\/p>\n<p><span style=\"font-family: arial, helvetica, sans-serif;\"><strong>Diem Konstruktionen GmbH<\/strong><\/span><\/p>\n<p><span style=\"font-family: arial, helvetica, sans-serif;\">Christoph Diem<\/span><br \/>\n<span style=\"font-family: arial, helvetica, sans-serif;\">Pfarrhausweg 9<\/span><br \/>\n<span style=\"font-family: arial, helvetica, sans-serif;\">CH \u2013 8512 Thundorf<\/span><\/p>\n<p><span style=\"font-family: arial, helvetica, sans-serif;\">Tel: +41 71 650 09 59\u00a0<\/span><\/p>\n<p><span style=\"font-family: arial, helvetica, sans-serif;\">Mobile: +41 76 339 59 09<\/span><\/p>\n<p><span style=\"font-family: arial, helvetica, sans-serif;\">eMail: kontakt@diem-konstruktionen.ch<\/span><\/p>\n<p><span style=\"font-family: arial, helvetica, sans-serif;\">Haftungshinweis: Trotz sorgf\u00e4ltiger inhaltlicher Kontrolle \u00fcbernehme ich keine Haftung f\u00fcr die Inhalte externer Links. F\u00fcr die Inhalte externer Links sind ausschliesslich deren Betreiber verantwortlich.<\/span><br \/>\n<span style=\"font-family: arial, helvetica, sans-serif;\">\u2014\u2014\u2014\u2014\u2014\u2014\u2014\u2014\u2014\u2014\u2014\u2014\u2014\u2014\u2014\u2014\u2014\u2014\u2014\u2014\u2014\u2014\u2014\u2014\u2014\u2014\u2014\u2014\u2014\u2014\u2014\u2014\u2014\u2014\u2014\u2014\u2014\u2014\u2014\u2014\u2014\u2014\u2014\u2014-<\/span><br \/>\n<span style=\"font-family: arial, helvetica, sans-serif;\"><strong>Haftungsausschluss<\/strong><\/span><br \/>\n<span style=\"font-family: arial, helvetica, sans-serif;\">Der Autor \u00fcbernimmt keinerlei Gew\u00e4hr hinsichtlich der inhaltlichen Richtigkeit, Genauigkeit, Aktualit\u00e4t, Zuverl\u00e4ssigkeit und Vollst\u00e4ndigkeit der Informationen. Haftungsanspr\u00fcche gegen den Autor wegen Sch\u00e4den materieller oder immaterieller Art, welche aus dem Zugriff oder der Nutzung der ver\u00f6ffentlichen Informationen, durch Missbrauch der Verbindung oder durch technische St\u00f6rungen entstanden sind, werden ausgeschlossen.<\/span><\/p>\n<p><span style=\"font-family: arial, helvetica, sans-serif;\">Alle Angebote sind unverbindlich. Der Autor beh\u00e4lt es sich ausdr\u00fccklich vor, Teile der Seiten oder das gesamte Angebot ohne gesonderte Ank\u00fcndigung zu ver\u00e4ndern, zu erg\u00e4nzen, zu l\u00f6schen oder die Ver\u00f6ffentlichung zeitweise oder endg\u00fcltig einzustellen.<\/span><\/p>\n<p><span style=\"font-family: arial, helvetica, sans-serif;\"><strong>Haftung f\u00fcr Links<\/strong><\/span><br \/>\n<span style=\"font-family: arial, helvetica, sans-serif;\">Verweise und Links auf Webseiten Dritter liegen ausserhalb des Verantwortungsbereichs des Betreibers dieser Pr\u00e4sentation. Es wird jegliche Verantwortung f\u00fcr Webseiten Dritter abgelehnt. Der <\/span><span style=\"font-family: arial, helvetica, sans-serif;\">Zugriff und die Nutzung von Webseiten Dritter erfolgt auf eigene Gefahr des Nutzers oder der Nutzerin.<\/span><\/p>\n<p><span style=\"font-family: arial, helvetica, sans-serif;\"><strong>Urheberrecht<\/strong><\/span><br \/>\n<span style=\"font-family: arial, helvetica, sans-serif;\">Die Urheber-, Marken- und Designrechte der auf dieser Webseite enthaltenen Objekte und Inhalte geh\u00f6ren ausschliesslich Christoph Diem oder den speziell genannten Rechtsinhabern. F\u00fcr die <\/span><span style=\"font-family: arial, helvetica, sans-serif;\">Reproduktion in jeglicher Form ist eine schriftliche Zustimmung des Urhebers, Markenrechtinhabers bzw. Designrechtinhabers im Voraus einzuholen.<\/span><\/p>\n<p><span style=\"font-family: arial, helvetica, sans-serif;\"><strong>Datenschutz<\/strong><\/span><br \/>\n<span style=\"font-family: arial, helvetica, sans-serif;\">Gest\u00fctzt auf Artikel 13 der schweizerischen Bundesverfassung und die datenschutzrechtlichen Bestimmungen des Bundes (Datenschutzgesetz, DSG) hat jede Person Anspruch auch Schutz ihrer Privatsph\u00e4re sowie auch Schutz vor Missbrauch ihrer pers\u00f6nlichen Daten. Ich halte diese Bestimmungen ein. Pers\u00f6nliche Daten werden streng vertraulich behandelt und weder an Dritte <\/span><span style=\"font-family: arial, helvetica, sans-serif;\">verkauft noch weiter gegeben. In enger Zusammenarbeit mit meinem Hosting-Provider bem\u00fche ich mich, die Datenbanken so gut wie m\u00f6glich vor fremden Zugriffen, Verlust, Missbrauch oder vor F\u00e4lschung zu sch\u00fctzen.<\/span><\/p>\n<p><span style=\"font-family: arial, helvetica, sans-serif;\">Beim Zugriff auf diese Webseiten werden folgende Daten in Logfiles gespeichert: IP-Adresse, Datum, Uhrzeit, Browser-Anfrage und allg. \u00fcbertragene Informationen zum Betriebssystem resp. Browser. Diese Nutzungsdaten bilden die Basis f\u00fcr statistische, anonyme Auswertungen, so dass Trends erkennbar sind, anhand derer ich mein Angebot entsprechend verbessern kann.<\/span><br \/>\n<span style=\"font-family: arial, helvetica, sans-serif;\">Datenschutzerkl\u00e4rung f\u00fcr die Nutzung von Facebook-Plugins (Like-Button)<\/span><\/p>\n<p><span style=\"font-family: arial, helvetica, sans-serif;\">Auf diesen Seiten sind Plugins des sozialen Netzwerks Facebook, 1601 South California Avenue, Palo Alto, CA 93404, USA integriert. Die Facebook-Plugins erkennen Sie an de, Facebook-Logo oder<\/span><br \/>\n<span style=\"font-family: arial, helvetica, sans-serif;\">dem \u201eLike-Button\u201c (\u201eGef\u00e4llt mir\u201c) auf dieser Seite.<\/span><\/p>\n<p><span style=\"font-family: arial, helvetica, sans-serif;\">Eine \u00dcbersicht \u00fcber die Facebook-Plugins finden Sie hier: http:\/\/developers.facebook.com\/docs\/plugins\/<\/span><\/p>\n<p><span style=\"font-family: arial, helvetica, sans-serif;\">Wenn Sie diese Seiten besuchen, wird \u00fcber das Plugin eine direkte Verbindung zwischen Ihrem Browser und dem Facebook-Server hergestellt. Facebook erh\u00e4lt dadurch die Information, dass Sie mit Ihrer IP-Adresse unsere Seite besucht haben. Wenn Sie den Facebook \u201eLike-Button\u201c anklicken w\u00e4hrend Sie in Ihrem Facebook-Account eingeloggt sind, k\u00f6nnen Sie die Inhalte meiner Seiten auf Ihrem Facebook-Profil verlinken. Dadurch kann Facebook den Besuch meiner Seiten Ihrem Benutzerkonto zuordnen. Ich weise darauf hin, dass ich als Anbieter der Seiten keine Kenntnis vom <\/span><span style=\"font-family: arial, helvetica, sans-serif;\">Inhalt der \u00fcbermittelten Daten sowie deren Nutzung durch Facebook erhalte. Weitere Informationen hierzu finden Sie in der Datenschutzerkl\u00e4rung von Facebook unter https:\/\/www.facebook.com\/about\/privacy\/<\/span><\/p>\n<p><span style=\"font-family: arial, helvetica, sans-serif;\">Wenn Sie nicht w\u00fcnschen, dass Facebook den Besuch dieser Seiten Ihrem Facebook-Account zuordnen kann, loggen Sie sich bitte vorher aus Ihrem Facebook-Benutzerkonto aus.<\/span><br \/>\n<span style=\"font-family: arial, helvetica, sans-serif;\">Datenschutzerkl\u00e4rung f\u00fcr die Nutzung von Twitter Auf diesen Seiten sind Funktionen des Dienstes Twitter eingebunden. Diese Funktionen werden angeboten durch die Twitter Inc., 795 Folsom St., Suite 600, San Francisco, CA 94107, USA. Durch das Benutzen von Twitter und der Funktion \u201eRe-Tweet\u201c werden die von Ihnen besuchten Webseiten <\/span><span style=\"font-family: arial, helvetica, sans-serif;\">mit Ihrem Twitter-Account verkn\u00fcpft und anderen Benutzern bekannt gegeben. Dabei werde u.a. Daten wie IP-Adresse, Browsertyp, aufgerufene Domains, besuchte Seiten, Mobilfunkanbieter, <\/span><span style=\"font-family: arial, helvetica, sans-serif;\">Ger\u00e4te- und Applikations-IDs und Suchbegriffe an Twitter \u00fcbertragen.<\/span><\/p>\n<p><span style=\"font-family: arial, helvetica, sans-serif;\">Ich weise darauf hin, dass ich als Anbieter der Seiten keine Kenntnis vom Inhalt der \u00fcbermittelten Daten sowie deren Nutzung durch Twitter erhalte. Aufgrund laufender Aktualisierung der <\/span><span style=\"font-family: arial, helvetica, sans-serif;\">Datenschutzerkl\u00e4rung von Twitter, weise ich auf die aktuellste Version unter http:\/\/twitter.com\/privacy hin.<\/span><br \/>\n<span style=\"font-family: arial, helvetica, sans-serif;\">Ihre Datenschutzeinstellungen bei Twitter k\u00f6nnen Sie in den Konto-Einstellungen unter http:\/\/twitter.com\/account\/settings \u00e4ndern. Bei Fragen wenden Sie sich bitte an privacy@twitter.com.<\/span><\/p>\n<p><span style=\"font-family: arial, helvetica, sans-serif;\"><strong>Datenschutzerkl\u00e4rung f\u00fcr die Nutzung von Google AdSense<\/strong><\/span><br \/>\n<span style=\"font-family: arial, helvetica, sans-serif;\">Diese Webseite benutzt Google AdSense, einen Dienst zum Einbinden von Werbeanzeigen der Google Inc. (\u201eGoogle\u201c). Google AdSense verwendet sog. \u201eCookies\u201c, Textdateien, die auf Ihrem Computer gespeichert werden und die eine Analyse der Benutzung der Website erm\u00f6glicht. Google AdSense verwendet auch so genannte Web Beacons (unsichtbare Grafiken). Durch diese Web Beacons k\u00f6nnen Informationen wie der Besucherverkehr auf diesen Seiten ausgewertet werden. Die durch Cookies und Web Beacons erzeugten Informationen \u00fcber die Benutzung dieser Website (einschl. Ihrer IP-Adresse) und Auslieferung von Werbeformaten werden an einen Server von Google in den USA \u00fcbertragen und dort gespeichert. Diese Information k\u00f6nnen von Google an <\/span><span style=\"font-family: arial, helvetica, sans-serif;\">Vertragspartner von Google weitergegeben werden. Google wird Ihre IP-Adresse jedoch nicht mit anderen von Ihnen gespeicherten Daten zusammenf\u00fchren.<\/span><\/p>\n<p><span style=\"font-family: arial, helvetica, sans-serif;\">Sie k\u00f6nnen die Installation der Cookies durch eine entsprechende Einstellung Ihrer Browser Software verhindern; ich weise Sie jedoch darauf hin, dass Sie in diesem Fall gegebenenfalls nicht s\u00e4mtliche Funktionen dieser Website voll umf\u00e4nglich nutzen k\u00f6nnen. Durch die Nutzung dieser Website erkl\u00e4ren Sie sich mit der Bearbeitung der \u00fcber Sie erhobenen Daten durch Google in der oben beschriebenen Art und Weise und dem oben genannten Zweck einverstanden.<\/span><\/p>\n<p><span style=\"font-family: arial, helvetica, sans-serif;\"><strong>Datenschutz durch die Nutzung von Google Analytics<\/strong><\/span><br \/>\n<span style=\"font-family: arial, helvetica, sans-serif;\">Diese Website benutzt Google Analytics, einen Webanalysedienst der Google Inc. (\u201eGoogle\u201c). Google Analytics verwendet so genannte \u201eCookies\u201c, Textdateien, die auf Ihrem Computer gespeichert werden und die eine Analyse der Benutzung der Website erm\u00f6glicht. Die durch die Cookie erzeugten Informationen \u00fcber Ihre Benutzungsverhalten werden in der Regel an einen Server von Google in den USA \u00fcbertragen und dort gespeichert. Im Falle der Aktivierung der IP-Anonymisierung auf dieser Website wird Ihre IP-Adresse von Google jedoch innerhalb von Mitgliedstaaten der Europ\u00e4ischen Union oder in anderen Vertragsstaaten des Abkommens \u00fcber den Europ\u00e4ischen Wirtschaftsraum zuvor gek\u00fcrzt.<\/span><\/p>\n<p><span style=\"font-family: arial, helvetica, sans-serif;\">Nur in Ausnahmef\u00e4llen wird die volle IP-Adresse an einen Server von Google in den USA \u00fcbertragen und dort gek\u00fcrzt. Google wird diese Informationen benutzen, um Ihre Nutzung der Website <\/span><span style=\"font-family: arial, helvetica, sans-serif;\">auszuwerten, um Reports \u00fcber die Websiteaktivit\u00e4ten f\u00fcr die Websitebetreiber zusammenzustellen und um weitere mit der Websitenutzung und der Internetnutzung verbundene Dienstleistungen zu erbringen. Auch wird Google diese Informationen gegebenenfalls an Dritte \u00fcbertragen, sofern dies gesetzlich vorgeschrieben oder soweit Dritte diese Daten im Auftrag von Google verarbeiten. Die im Rahmen von Google Analytics von Ihrem Browser \u00fcbermittelte IP-Adresse wird nicht mit anderen <\/span><span style=\"font-family: arial, helvetica, sans-serif;\">Daten von Google zusammengef\u00fchrt. Sie k\u00f6nnen die Installation der Cookies durch eine entsprechende Einstellung Ihrer Browser Software verhindern; ich weise jedoch darauf hin, dass Sie in diesem Fall gegebenenfalls nicht s\u00e4mtliche Funktionen dieser Website voll umf\u00e4nglich nutzen k\u00f6nnen. Durch die Nutzung dieser Website erkl\u00e4ren Sie sich mit der Bearbeitung der \u00fcber Sie erhobenen Daten durch Google in der oben beschriebenen Art und Weise und zu dem oben genannten Zweck einverstanden.<\/span><\/p>\n<p><span style=\"font-family: arial, helvetica, sans-serif;\">Datenschutzerkl\u00e4rung f\u00fcr die Nutzung von Google+<\/span><\/p>\n<p><span style=\"font-family: arial, helvetica, sans-serif;\">Mit Hilfe der \u201eGoogle +\u201c-Schaltfl\u00e4che k\u00f6nnen Sie Informationen weltweit ver\u00f6ffentlichen. \u00dcber die \u201eGoogle +\u201c-Schaltfl\u00e4che erhalten Sie und andere Nutzer personalisierte Inhalte von Google und dessen Partnern. Google speichert sowohl die Information, dass Sie den Inhalt Google+ gegeben haben, als auch die Informationen \u00fcber die Seite, die Sie beim Klicken auf Google+ angesehen haben. Ihre Google+ k\u00f6nnen als Hinweis zusammen mit Ihrem Profilnamen und Ihrem Foto in Google+Diensten, wie etwa in Suchergebnissen oder in Ihrem Google-Profil oder an anderen Stellen auf Websites und Anzeigen im Internet eingeblendet werden. Google zeichnet Informationen \u00fcber Ihre Google+-Aktivit\u00e4ten auf, um die Google-Dienste f\u00fcr Sie und andere zu verbessern. Um die Google+-Schaltfl\u00e4che verwenden zu k\u00f6nnen, ben\u00f6tigen Sie ein weltweit sichtbares, \u00f6ffentliches Google-Profil. das zumindest den f\u00fcr das Profil gew\u00e4hlten Namen enthalten muss. Dieser <\/span><span style=\"font-family: arial, helvetica, sans-serif;\">Name wird in allen Google-Diensten verwendet. In manchen F\u00e4llen kann dieser Name auch einen anderen Namen ersetzen, den Sie beim Teilen von Inhalten \u00fcber Ihr Google-Konto verwendet haben.<\/span><\/p>\n<p><span style=\"font-family: arial, helvetica, sans-serif;\">Die Identit\u00e4t Ihres Google-Profils kann Nutzern angezeigt werden, die Ihre Email-Adresse kennen oder \u00fcber andere identifizierbare Informationen von Ihnen verf\u00fcgen. Neben den oben erl\u00e4uternden Verwendungszwecken werden die von Ihnen bereitgestellten Informationen gem\u00e4ss den geltenden Google-Datenschutzbestimmungen (http:\/\/google.com\/intl\/de\/policies\/privacy\/) genutzt. Google ver\u00f6ffentlicht m\u00f6glicherweise zusammengefasste Statistiken \u00fcber die Google+ -Aktivit\u00e4ten der Nutzer bzw. geben diese Statistiken an meine Nutzer und Partner weiter, wie etwa Publisher, Inserenten oder verbundene Websites.<\/span><\/p>\n","protected":false},"excerpt":{"rendered":"<p>Inhaltlich Verantwortlicher (Text): Diem Konstruktionen GmbH Christoph Diem Pfarrhausweg 9 CH \u2013 8512 Thundorf Tel: +41 71 650 09 59\u00a0 Mobile: +41 76 339 59 &hellip;<\/p>\n","protected":false},"author":1,"featured_media":0,"parent":0,"menu_order":0,"comment_status":"closed","ping_status":"closed","template":"","meta":{"footnotes":""},"class_list":["post-93","page","type-page","status-publish","hentry"],"_links":{"self":[{"href":"https:\/\/diem-konstruktionen.ch\/index.php?rest_route=\/wp\/v2\/pages\/93","targetHints":{"allow":["GET"]}}],"collection":[{"href":"https:\/\/diem-konstruktionen.ch\/index.php?rest_route=\/wp\/v2\/pages"}],"about":[{"href":"https:\/\/diem-konstruktionen.ch\/index.php?rest_route=\/wp\/v2\/types\/page"}],"author":[{"embeddable":true,"href":"https:\/\/diem-konstruktionen.ch\/index.php?rest_route=\/wp\/v2\/users\/1"}],"replies":[{"embeddable":true,"href":"https:\/\/diem-konstruktionen.ch\/index.php?rest_route=%2Fwp%2Fv2%2Fcomments&post=93"}],"version-history":[{"count":4,"href":"https:\/\/diem-konstruktionen.ch\/index.php?rest_route=\/wp\/v2\/pages\/93\/revisions"}],"predecessor-version":[{"id":789,"href":"https:\/\/diem-konstruktionen.ch\/index.php?rest_route=\/wp\/v2\/pages\/93\/revisions\/789"}],"wp:attachment":[{"href":"https:\/\/diem-konstruktionen.ch\/index.php?rest_route=%2Fwp%2Fv2%2Fmedia&parent=93"}],"curies":[{"name":"wp","href":"https:\/\/api.w.org\/{rel}","templated":true}]}}